s the greatest common divisor of 777733572 and 7304?
3652
Calculate the greatest common factor of 155277012 and 39072.
4884
What is the highest common divisor of 2981 and 2625494883?
2981
Calculate the highest common factor of 45 and 1044891.
9
Calculate the greatest common divisor of 1044 and 101713536.
36
What is the greatest common divisor of 564340 and 5887?
203
What is the highest common factor of 235912271 and 7?
7
What is the highest common factor of 105804 and 140328?
36
What is the greatest common divisor of 77068136 and 24?
8
What is the greatest common factor of 4829573 and 736078?
7511
What is the greatest common divisor of 1099672 and 197?
1
What is the greatest common divisor of 1305 and 991545?
15
Calculate the highest common divisor of 5175306 and 126.
18
Calculate the highest common factor of 1677810 and 228.
6
What is the highest common factor of 3108 and 62636?
28
Calculate the greatest common divisor of 215983860 and 3.
3
What is the greatest common divisor of 1204190 and 11282570?
7670
Calculate the greatest common divisor of 50159029 and 2416.
151
What is the greatest common divisor of 4935 and 52605?
105
Calculate the greatest common factor of 143502177 and 42.
21
What is the highest common factor of 21581 and 412363?
7
What is the highest common divisor of 52171839 and 8406?
4203
What is the highest common divisor of 314937 and 10647?
63
What is the highest common factor of 546408560 and 1360?
1360
What is the highest common divisor of 1764394 and 164?
82
What is the highest common divisor of 7330243 and 87?
29
Calculate the greatest common factor of 1727 and 64361.
11
Calculate the highest common factor of 169663204 and 488.
244
Calculate the greatest common divisor of 234796886 and 39681.
4409
Calculate the greatest common divisor of 1596622 and 984.
82
What is the greatest common divisor of 22896644 and 4369?
257
Calculate the greatest common divisor of 2145 and 94660995.
2145
What is the greatest common factor of 18637522 and 1106?
158
What is the greatest common divisor of 620676 and 5292?
756
What is the highest common factor of 274838951 and 1327?
1327
Calculate the greatest common factor of 861926920 and 40.
40
What is the highest common divisor of 10290 and 425910?
30
Calculate the greatest common divisor of 6348774 and 1026.
114
Calculate the highest common factor of 747098 and 1342.
22
Calculate the highest common divisor of 3612 and 46494.
42
What is the greatest common divisor of 68472 and 168048?
216
Calculate the highest common factor of 125 and 19829510.
5
Calculate the highest common factor of 308 and 41331884.
44
Calculate the highest common factor of 3726 and 477589986.
1242
Calculate the greatest common divisor of 38328 and 19135254.
9582
Calculate the highest common factor of 64234449 and 174658.
7939
Calculate the highest common factor of 12448 and 46204.
4
Calculate the highest common divisor of 14924833 and 18653.
811
What is the highest common divisor of 262856 and 34166?
22
Calculate the greatest common divisor of 34473985 and 14.
7
Calculate the highest common factor of 4266942 and 846.
282
Calculate the greatest common divisor of 21260162 and 770.
154
Calculate the greatest common divisor of 994 and 27683894.
994
Calculate the highest common divisor of 1638665 and 2240.
35
What is the greatest common factor of 1091676 and 812?
116
What is the highest common factor of 10956 and 22495?
11
Calculate the highest common factor of 5337969 and 1365.
273
What is the greatest common factor of 796 and 152260?
4
Calculate the greatest common divisor of 510840 and 242880.
1320
Calculate the greatest common factor of 96 and 219628632.
24
What is the highest common divisor of 1526347 and 1063021?
1643
What is the greatest common divisor of 704 and 154528832?
64
What is the greatest common factor of 865 and 101320045?
865
Calculate the highest common divisor of 8245 and 67415000.
485
Calculate the highest common divisor of 204467653 and 416.
13
What is the greatest common factor of 416215446 and 6366?
6366
What is the highest common divisor of 65090 and 122705?
115
What is the highest common factor of 304 and 1595984?
16
What is the highest common factor of 23020 and 204882604?
4604
Calculate the highest common divisor of 63058040 and 1524.
508
What is the highest common divisor of 6311 and 221?
1
Calculate the highest common factor of 92 and 452270528.
92
What is the highest common divisor of 336749 and 3869?
73
Calculate the greatest common divisor of 11333605 and 590.
295
What is the greatest common divisor of 26 and 1106050595?
13
What is the greatest common divisor of 5947 and 3888086?
313
What is the greatest common divisor of 573199 and 8239?
1177
Calculate the highest common factor of 2310 and 248101.
7
What is the highest common divisor of 48 and 250332?
12
Calculate the highest common divisor of 103422120 and 2610.
870
What is the greatest common divisor of 100986284 and 7?
7
Calculate the highest common factor of 4559559 and 267.
267
What is the highest common factor of 55 and 103111745?
55
Calculate the highest common divisor of 185948 and 11200.
28
What is the greatest common divisor of 2409459 and 312?
39
What is the highest common factor of 9259 and 462359?
197
What is the greatest common divisor of 1637745 and 533?
41
What is the highest common factor of 7552 and 2978408?
8
Calculate the highest common factor of 1351888 and 19665.
19
What is the highest common divisor of 13011115 and 195?
65
What is the highest common divisor of 7750 and 2483000?
250
Calculate the highest common divisor of 6795300 and 9600.
300
What is the highest common divisor of 3605970 and 4230?
30
What is the highest common factor of 20863040 and 109120?
3520
What is the greatest common factor of 2550 and 6553245?
255
What is the highest common divisor of 9056 and 17263?
283
What is the greatest common factor of 8 and 202466024?
8
What is the greatest common divisor of 196 and 26906348?
28
Calculate the highest common factor of 987 and 15309.
21
Calculate the greatest common divisor of 442 and 6681272.
442
What is the greatest common factor of 15665875 and 2300?
575
Calculate the greatest common divisor of 2561 and 27391.
13
Calculate the greatest common divisor of 8489 and 30825518.
653
Calculate the highest common factor of 57264 and 37616.
16
Calculate the highest common divisor of 12737 and 10470627.
271
Calculate the highest common divisor of 24158160 and 464.
464
What is the greatest common factor of 691080 and 15720?
120
What is the greatest common divisor of 34 and 796916038?
34
What is the greatest common divisor of 25082794 and 88?
22
Calculate the highest common factor of 187007120 and 304.
304
What is the greatest common divisor of 888016 and 496?
16
What is the greatest common factor of 21376 and 38164176?
2672
What is the highest common factor of 5343793 and 1911?
637
Calculate the greatest common divisor of 6188 and 12661376.
364
What is the greatest common factor of 19756619 and 183?
61
What is the greatest common factor of 108030 and 48270?
30
Calculate the greatest common factor of 2524 and 1230500.
4
What is the greatest common factor of 75584186 and 6?
2
What is the highest common factor of 510 and 34670310?
510
Calculate the highest common factor of 1 and 84940460.
1
What is the greatest common factor of 1750 and 232101625?
875
Calculate the highest common factor of 245 and 32386501.
49
What is the highest common factor of 1386565 and 67?
67
Calculate the greatest common divisor of 1770867 and 54.
9
What is the greatest common factor of 2268 and 80059644?
756
Calculate the greatest common factor of 63590149 and 2380.
119
Calculate the highest common factor of 665 and 46265625.
35
What is the greatest common factor of 13830016 and 3147?
1049
Calculate the highest common divisor of 12655831 and 22043.
3149
Calculate the highest common factor of 2202343075 and 775.
775
What is the highest common factor of 13618 and 5794459?
6809
Calculate the highest common factor of 134602 and 1807.
13
What is the highest common divisor of 451142 and 2567494?
2362
Calculate the highest common divisor of 412 and 77087878.
206
Calculate the highest common factor of 522 and 20876520.
174
Calculate the highest common